 Let x(p) = p**2 + 1. Determine x(z).
2
Let h(d) = 4*d - 9. Let i be h(3). Let x(z) = 3*z**2 + 2*z - 5*z - 2*z**2 + 1. Give x(i).
1
Let p be 1/(-1)*(-11)/11. Let u(f) = 6*f**2 - 1. Determine u(p).
5
Let o(n) = n**2 - n - 3. Let v be ((-4)/3)/2*3. Let j(q) = -4*q**2 + 4*q + 10. Let w(t) = v*j(t) - 7*o(t). Suppose 2 = 3*d - 4. Calculate w(d).
3
Let f(k) = -k**3 + 6*k**2 - 6*k + 7. Let d(s) = 4*s**2 + 2*s - 1. Let g be d(1). Determine f(g).
2
Suppose 4*d - z = 4*z + 7, 4 = 4*z. Let w(i) = 0*i - 2 - 1 - i + d*i. Determine w(2).
1
Suppose 6*x = x + 40. Let u be 2/x - (-15)/(-12). Let g(j) be the first derivative of 5*j**3/3 - j + 1. Calculate g(u).
4
Let k be ((-6)/5)/(36/(-60)). Let n(p) be the second derivative of 0 + 1/6*p**3 - 3/2*p**k - 3*p. Calculate n(-4).
-7
Suppose -6 = 3*o - 3*s, s + 8 = -2*o + 4*s. Let m be 50/10*o/10. Let y(c) = -2*c**2 + 3*c**2 - 2*c**2. Determine y(m).
-1
Let n(q) = q**2 + 5*q + 3. Suppose -3*i + 4*d = -2*i + 13, 3*d - 26 = 4*i. Calculate n(i).
3
Let n be 2*(-1)/2*-9. Let b = n + -8. Let y(z) = 2 + 5 - 6 + 7*z. Calculate y(b).
8
Let m(x) = -5*x + 7. Let o(h) = -4*h + 6. Let v(c) = -5*m(c) + 6*o(c). Let g be v(5). Let a(q) = -q**2 + 7*q. Calculate a(g).
6
Let m = -7 - -12. Let h(q) = q**2 - 3*q - 3. Give h(m).
7
Let d(w) = w - 4. Suppose 5*s - 8 = 2*k, 3*s + 4*k = -k + 11. Let r(l) = 2*l**2 - 3*l**2 - 2*l - 5*l + s*l**2. Let p be r(7). Determine d(p).
-4
Let g(h) be the first derivative of 3*h**2/2 + h - 11. What is g(4)?
13
Let z(l) be the third derivative of l**4/3 - l**3/6 + 8*l**2. Calculate z(1).
7
Let k = 44 + -49. Let d(n) = n**3 + 6*n**2 + 6*n + 1. Give d(k).
-4
Let m(k) = k**3 - 3*k**2 - 2*k + 4. Let w(x) = -x**3 - x**2 - 1. Let j be w(-2). What is m(j)?
-2
Let x(w) = -2*w**2 - 4*w - 3. Suppose -6 = -4*d + 6. Suppose -3*m - 5 = 2*m + 2*t, t = d*m + 3. Let k be (3/4)/(m/4). Calculate x(k).
-9
Let f(i) be the first derivative of -i**3/3 + 2*i**2 + 4*i - 5. Let a(v) = 2*v**2 + 2*v. Let x be a(-2). Suppose 4*h - 16 = x. Determine f(h).
-1
Let b(j) = 1 - j**3 - 4*j**2 - 1 + 1. Let q = -66 + 62. What is b(q)?
1
Let y(f) = f**3 + 6*f**2 - 7*f + 6. Suppose 4*z - 2*c = -0*c - 24, 3*z - 2*c = -17. Calculate y(z).
6
Suppose -k + 8 + 1 = 0. Suppose -z + 2*q + 3 = 0, -3*z - 3*q - 2*q + k = 0. Let n(c) be the second derivative of -c**4/12 + 3*c**2/2 - c. Calculate n(z).
-6
Let b(a) = a**3 + 7*a**2 + 5*a + 1. Let l(c) = -2*c**2 + 3*c - 4. Let t be l(2). Give b(t).
7
Let a(w) = -w**3 - 4*w**2 + 2. Suppose 9 = 2*j - k + 6*k, -12 = -4*k. Give a(j).
-7
Let v(m) = -m**2 - 5*m - 2. Let i(p) = p**3 + 6*p**2 + 8*p + 12. Let t be i(-5). Give v(t).
4
Let i(x) = 7*x**3 - x**2 - 2*x + 2. Suppose 8 = 4*c - 2*h, 0*h - 6 = 2*c + 4*h. Let k(l) = -l**3 + l**2 + l. Let p(d) = c*i(d) + 6*k(d). Determine p(-4).
2
Let x(m) = m**3 - 3*m**2 - 3*m + 2. Let f = -3 + 6. Suppose f*h - 10 = -1. Let w = h - 0. What is x(w)?
-7
Suppose 0 = -3*m + 12 + 9. Let k(y) = -y. What is k(m)?
-7
Let m(u) = -2*u + 1. Let s be 26 + (3/(-1))/(-3). Suppose 3*p = -0*p + s. Suppose -3*z + 0*z = -p. Calculate m(z).
-5
Let f(i) = i**2 - 1 + 2 - 5 - 4*i - 2*i. Let m be f(7). Let y(z) = z**2 - 3*z - z**3 + 3 + 4*z - m*z. Calculate y(2).
-5
Let l(c) = -c**2 + c**3 + 141 + 0*c**2 - 133. Calculate l(0).
8
Let f(w) = -1. Let y(n) = 5*n - 3. Let h(a) = 2*a - 2. Let r(m) = -5*h(m) + 3*y(m). Let d(t) = 2*f(t) - r(t). Determine d(-2).
7
Let v(b) = -3*b - 6. Suppose 16*a + 8 = 14*a. Determine v(a).
6
Let g(a) be the second derivative of -a**6/180 + a**5/60 - a**4/12 + a**3/6 - a. Let v(z) be the second derivative of g(z). Calculate v(2).
-6
Let s(r) = r**3 - 7 - 3*r**2 - 7*r + 9*r - 4*r**2. Determine s(7).
7
Suppose 5*i + 1 = 16. Suppose -8 = 3*f - 4*n, f + 3*n - 4 = 15. Suppose i*q = f*q. Let y(t) = t**2 - 6. What is y(q)?
-6
Let h(l) = -l**2 + 5*l + 1. Let s be h(5). Let w(y) = 18*y**3 - 2*y + 1. Give w(s).
17
Suppose -3*u = -4*u + 2. Let q(s) be the first derivative of -s**5/60 + s**3/6 - s**2/2 + 1. Let p(z) be the second derivative of q(z). Give p(u).
-3
Let o(i) = 1 + 2*i - 1 - 2. Let n = -49 - -51. Give o(n).
2
Let n(z) = z**3 - 6*z**2 + 4*z - 1. Suppose -2*b + 2 - 3 = -k, -k - 24 = 3*b. Let r = -4 - k. Give n(r).
-6
Let d(s) = -2*s**2 - 4*s + 15. Let x(h) = -2*h + 7 - h**2 + 0*h + 2*h - 2*h. Let f(i) = -3*d(i) + 7*x(i). Determine f(-4).
-4
Let t(i) = -i**2 - 6*i + 8. Let u be t(-7). Let a(q) = -u + 3 + q - 4. Let d be 99/(-21) - 4/14. What is a(d)?
-7
Let f(d) = -2*d**2 - 2*d - 3. Let c(g) = 3*g**2 + 3*g + 6. Let s be 1/(-2) + 22/4. Let k be -3*1/(-1) + 0. Let a(m) = k*c(m) + s*f(m). Calculate a(3).
-9
Suppose 3*g = 4*g. Let k(r) = -r**3 - 1 + 5*r + g*r**3 + 2*r**3 + 5*r**2. What is k(-4)?
-5
Suppose 6 = 6*s - 4*s. Let w(q) = s + 3*q + q - 4*q**2 + 5*q**2 + 1. What is w(-3)?
1
Let q(b) be the second derivative of b**3/6 - b. Give q(-5).
-5
Let v = -6 - -7. Let w be 0 + v - (-3 + 8). Let o(p) = -3*p - 5. What is o(w)?
7
Let z(o) = 5*o + 3*o**2 - 5*o**3 - 8*o**2 + 2 + 4*o**3. Determine z(-6).
8
Suppose 0 = -0*b + 3*b - 24. Let o be (2/6)/((-2)/(-18)). Suppose -10 = -5*u + 2*c, 3 = -5*u + o*c + b. Let x(t) = -t**3 + 4*t**2 - t - 2. What is x(u)?
-6
Let n be 1 + 2 - (2 - 3). Suppose d + 2*d = -v, 0 = -n*v - 4*d + 16. Let l(o) = -2*o + 5. Give l(v).
-7
Let h(t) = 5 - 4*t + 6*t + 0*t. Let y be h(-5). Let k(f) = 1 - 3*f**3 - f + 2*f**3 - 4 - 5*f**2 - 4. What is k(y)?
-2
Let u(c) = 5*c + 2. Let x = 8 + -5. Determine u(x).
17
Suppose 0 = -r + 3*r - 4. Let y(q) = -12*q + 0*q - 1 + 6*q + q**2 + r. Give y(4).
-7
Let z(v) be the first derivative of -v**6/360 - v**5/60 + 7*v**4/24 - 2*v**3 - 8. Let r(f) be the third derivative of z(f). Give r(-5).
-8
Let s(a) be the second derivative of a**4/12 - 4*a**3/3 - 3*a**2 - 40*a. Determine s(8).
-6
Let v(f) be the third derivative of -f**4/24 + 5*f**3/6 - 8*f**2. What is v(5)?
0
Let f(l) = -l**3 + 3*l**2 - 1. Let m(z) = -35*z**2 - 2*z + 2. Let w be m(1). Suppose -h + 14 = -0*h. Let k be 4/h + (-60)/w. What is f(k)?
3
Let t(o) be the first derivative of -o**4/4 - 7*o**3/3 - 5*o**2/2 + 7*o - 4. What is t(-6)?
1
Let p(z) = z**3 - 7*z**2 - 7*z - 11. Suppose 0 = -8*x + 41 + 23. Determine p(x).
-3
Let t be 1 - (-2 + (1 - 0)). Let v(y) = -y + 2 + y - 2*y**t - y. Let o be (-1 - 0) + -4 + -12 + 15. Determine v(o).
-4
Let p(o) be the second derivative of o**5/60 + o**3/3 + o. Let q(v) be the second derivative of p(v). Determine q(-1).
-2
Let q(u) = 10*u**2. Let x = -15 + 14. What is q(x)?
10
Let i(s) be the second derivative of -s**4/12 + 2*s**3/3 + s**2/2 + 6*s. Calculate i(5).
-4
Let y(r) = r + 3. Let g(x) = -2*x + 23. Let l be g(15). Determine y(l).
-4
Let f(j) = 2*j**3 + 0*j**3 + 7 + 0*j**3 + 8*j - 3*j**3 - 5*j**2. What is f(-6)?
-5
Let l(i) = i**3 + 4*i**2 + 3*i + 1. Let y(q) = q**3 + 5*q**2 + 4*q + 1. Let d = -15 - -11. Let j(m) = d*y(m) + 5*l(m). Give j(-2).
-5
Let j be (-72)/(-10) + 2/(-10). Suppose 5 = -2*l - j. Let h(r) be the third derivative of r**6/120 + r**5/10 + r**3 - 2*r**2. Give h(l).
6
Let q(k) be the third derivative of k**8/20160 + k**7/840 + k**6/144 - k**5/30 + 3*k**2. Let l(u) be the third derivative of q(u). Determine l(-6).
5
Let f = 7 + -5. Suppose 3*h - 9 + 2 = -u, 5*h - 4*u = 6. Let y(a) = 0*a + 3*a**h - a - a - 2. Determine y(f).
6
Let g(f) = -2*f + 7*f - 6*f + f**2. Give g(2).
2
Let i(a) = 2*a**2 - 9*a - 7. Let q(d) = d**2 - 4*d - 3. Let c(m) = 2*i(m) - 5*q(m). Determine c(4).
-7
Let t be (-1 + 1)/(-4 - -2). Suppose 3*v + 2 - 8 = t. Let o(p) = p**3 - 2*p**2 - p - 2. Calculate o(v).
-4
Let l(c) = c**3 - 2 + 0*c**2 + 2*c - 5*c**2 + 4. Let m = 530 - 526. Determine l(m).
-6
Let h = 21 + -22. Let r(x) = -11*x + 1. Calculate r(h).
12
Let k(w) = -8*w - 7. Let o(v) = v + 1. Let l(g) = 5*k(g) + 35*o(g). Let y = -1 - -2. Let n be l(y). Let i(h) = h + 4. Give i(n).
-1
Let w(f) = 5 - 4 - f + 1. Calculate w(-6).
8
Let s(q) = -q**3 - 2*q + 9. Let u be s(0). Let c(a) = a**2 - 8*a - 8. Give c(u).
1
Let h = 21 - 19. Suppose m - 4*a = -3, 5*m - 6 = -2*a + a. Let s(z) = -5*z**3 + 5*z + 5 + 3*z**3 + 5*z**h + m + 3*z**3. What is s(-4)?
2
Let z(y) = -3*y + 4*y + 1 - 12 + 5. Calculate z(10).
4
Let t(r) be the first derivative of r**2/2 + 8*r - 12. Give t(-6).
2
Let i(k) = -4*k - 8*k + 1 + 13*k + 0*k. Determine i(3).
4
Suppose -r = -5, -w = -3*